ite?
True
Is 11167 a composite number?
True
Is 2333 a prime number?
True
Is 305693 composite?
True
Is 59093 composite?
False
Is 1829 prime?
False
Is 36037 composite?
False
Is 979 a composite number?
True
Is 453059 prime?
False
Is 2361 composite?
True
Is 52477 a composite number?
True
Is 168913 a prime number?
True
Is 4643 a composite number?
False
Is 448381 composite?
True
Is 240554 prime?
False
Is 9839 a prime number?
True
Is 1730531 prime?
False
Is 106851 composite?
True
Is 4489 prime?
False
Is 974479 a prime number?
False
Is 749159 a composite number?
True
Is 5240123 prime?
False
Is 564191 prime?
True
Is 60859 a composite number?
False
Is 2609 a composite number?
False
Is 50339 a composite number?
True
Is 1025773 prime?
False
Is 957659 a composite number?
False
Is 607301 prime?
True
Is 36293 composite?
False
Is 15683 a composite number?
False
Is 69 a composite number?
True
Is 379273 composite?
False
Is 16333 composite?
False
Is 110711 composite?
False
Is 8409 a prime number?
False
Is 314059 composite?
False
Is 19637 a prime number?
False
Is 4741 a composite number?
True
Is 5591 prime?
True
Is 1064377 composite?
False
Is 704657 composite?
False
Is 2035217 prime?
False
Is 1801 composite?
False
Is 2147473 a composite number?
False
Is 8353 prime?
True
Is 102359 prime?
True
Is 1438 composite?
True
Is 1347 a prime number?
False
Is 16267 a prime number?
True
Is 127519 composite?
True
Is 21059 composite?
False
Is 61133 prime?
False
Is 619391 a composite number?
False
Is 1513 prime?
False
Is 73859 prime?
True
Is 16859 prime?
False
Is 72133 composite?
True
Is 66083 composite?
False
Is 35897 a prime number?
True
Is 77593 a prime number?
False
Is 23158 composite?
True
Is 332869 a prime number?
False
Is 326 composite?
True
Is 11549 composite?
False
Is 196217 composite?
True
Is 160154 a composite number?
True
Is 34021 prime?
False
Is 669 prime?
False
Is 1711 composite?
True
Is 12373 composite?
False
Is 4621 a composite number?
False
Is 22549 prime?
True
Is 71983 a composite number?
False
Is 69203 composite?
False
Is 14591 composite?
False
Is 90773 prime?
False
Is 11273 prime?
True
Is 733 a composite number?
False
Is 375353 prime?
False
Is 27637 a composite number?
True
Is 12981 a prime number?
False
Is 13997 a composite number?
False
Is 13771 composite?
True
Is 691 prime?
True
Is 187861 a prime number?
True
Is 14173 prime?
True
Is 69953 a composite number?
True
Is 201 a prime number?
False
Is 2813 a prime number?
False
Is 290471 composite?
False
Is 550646 a prime number?
False
Is 7411 a composite number?
False
Is 9793 a composite number?
True
Is 3471697 a prime number?
True
Is 359831 prime?
False
Is 720359 a prime number?
True
Is 62549 a prime number?
True
Is 145771 a composite number?
False
Is 711433 prime?
False
Is 23053 prime?
True
Is 1087 a prime number?
True
Is 1090681 a prime number?
True
Is 345133 composite?
False
Is 13549 a prime number?
False
Is 2151961 a prime number?
False
Is 554395 a composite number?
True
Is 97007 a prime number?
True
Is 385819 prime?
False
Is 1139 a prime number?
False
Is 323601 a composite number?
True
Is 136103 a prime number?
False
Is 57367 a prime number?
True
Is 14387 composite?
False
Is 56471 a prime number?
False
Is 5137 a composite number?
True
Is 25249 a composite number?
True
Is 17863 prime?
True
Is 32345 a prime number?
False
Is 238573 prime?
True
Is 2839 a composite number?
True
Is 1920497 composite?
False
Is 344567 a composite number?
False
Is 9637 composite?
True
Is 263045 a composite number?
True
Is 34967 prime?
False
Is 419 a prime number?
True
Is 26099 composite?
False
Is 842119 a prime number?
False
Is 1873679 composite?
False
Is 265921 a composite number?
False
Is 915353 a prime number?
True
Is 3407 a composite number?
False
Is 371713 a prime number?
False
Is 566669 a prime number?
False
Is 1157609 prime?
True
Is 87439 a prime number?
False
Is 9181 a composite number?
False
Is 70783 prime?
True
Is 198665 a prime number?
False
Is 2051 composite?
True
Is 207629 a prime number?
True
Is 822941 composite?
True
Is 22367 composite?
False
Is 16841 composite?
True
Is 194507 a prime number?
True
Is 42131 composite?
False
Is 5169 a composite number?
True
Is 3787 a prime number?
False
Is 242315 a prime number?
False
Is 1172909 composite?
True
Is 39581 a prime number?
True
Is 282319 a prime number?
False
Is 60271 composite?
False
Is 10061 a composite number?
False
Is 35 a prime number?
False
Is 112741 a composite number?
False
Is 124427 prime?
True
Is 87383 a composite number?
False
Is 39269 a prime number?
False
Is 58385 a composite number?
True
Is 50357 a composite number?
True
Is 960191 prime?
True
Is 14163 a prime number?
False
Is 431773 prime?
False
Is 18455 a composite number?
True
Is 57691 prime?
False
Is 154801 prime?
False
Is 11379 a prime number?
False
Is 170123 prime?
True
Is 1943 a composite number?
True
Is 289877 a composite number?
True
Is 133067 composite?
True
Is 25577 a prime number?
True
Is 24031 a prime number?
False
Is 484753 prime?
False
Is 219281 a prime number?
True
Is 197233 prime?
True
Is 20854 composite?
True
Is 332869 prime?
False
Is 8309 a composite number?
True
Is 23093 a composite number?
True
Is 43629 a prime number?
False
Is 157751 a prime number?
False
Is 50501 a composite number?
True
Is 132659 a composite number?
True
Is 827213 prime?
True
Is 2559 a composite number?
True
Is 675593 composite?
False
Is 24499 a composite number?
False
Is 14695 prime?
False
Is 4007 composite?
False
Is 84737 composite?
False
Is 51803 a composite number?
False
Is 1964555 composite?
True
Is 340757 composite?
False
Is 380873 composite?
True
Is 6761 a prime number?
True
Is 149 composite?
False
Is 43867 a composite number?
False
Is 24731 prime?
False
Is 8637 a prime number?
False
Is 6521 composite?
False
Is 122054 composite?
True
Is 600233 a prime number?
True
Is 389 a prime number?
True
Is 2413 prime?
False
Is 20849 prime?
True
Is 35609 composite?
True
Is 12661 prime?
False
Is 492251 prime?
True
Is 126611 prime?
True
Is 24571 prime?
True
Is 10211 a composite number?
False
Is 2819 composite?
False
Is 309921 composite?
True
Is 220327 prime?
True
Is 15223 prime?
False
Is 1685803 a composite number?
True
Is 2281 composite?
False
Is 6947 prime?
True
Is 2761 composite?
True
Is 158741 a composite number?
True
Is 29182 composite?
True
Is 58511 a composite number?
False
Is 76343 prime?
True
Is 3032917 composite?
False
Is 13071 prime?
False
Is 103 a prime number?
True
Is 47837 prime?
True
Is 88535 a prime number?
False
Is 499 a prime number?
True
Is 2333 a composite number?
False
Is 130069 a composite number?
False
Is 74557 prime?
False
Is 64871 prime?
True
Is 206111 a prime number?
False
Is 63221 composite?
True
Is 10661 a composite number?
True
Is 4474 prime?
False
Is 1114 composite?
True
Is 6805 composite?
True
Is 20039 a composite number?
True
Is 3137 a composite number?
False
Is 44047 composite?
True
Is 81341 a composite number?
True
Is 1831 composite?
False
Is 633173 prime?
False
Is 15071 prime?
False
Is 14354 a prime number?
False
Is 55163 prime?
True
Is 51407 composite?
False
Is 23953 prime?
False
Is 270217 a composite number?
False
Is 4583 a prime number?
True
Is 3163 a prime number?
True
Is 9901 a prime number?
True
Is 2017 a composite number?
False
Is 157393 composite?
False
Is 39499 a prime number?
True
Is 5471 composite?
False
Is 29905 a prime number?
False
Is 932609 prime?
True
Is 2897 a prime number?
True
Is 320209 prime?
True
Is 7081 a prime number?
False
Is 76147 composite?
False
Is 224641 prime?
False
Is 58399 a prime number?
False
Is 913567 a prime number?
False
Is 186926 a composite number?
True
Is 77 composite?
True
Is 665219 composite?
True
Is 463929 a composite number?
True
Is 6931 composite?
True
Is 100933 prime?
False
Is 78481 a prime number?
False
Is 108127 a composite number?
False
Is 37903 a prime number?
False
Is 1090241 a composite number?
False
Is 1960631 composite?
False
Is 2839 a composite number?
True
Is 2307 prime?
False
Is 236503 a composite number?
False
Is 9151 a prime number?
True
Is 15121 composite?
False
Is 8059 composite?
False
Is 1139 a composite number?
True
Is 190273 prime?
False
Is 76811 composite?
True
Is 1503481 prime?
False
Is 4547 a prime number?
True
Is 17517 a p